{"id":387,"date":"2024-07-01T17:28:44","date_gmt":"2024-07-01T21:28:44","guid":{"rendered":"https:\/\/steelblue-dotterel-416190.hostingersite.com\/?page_id=387"},"modified":"2025-11-03T03:11:30","modified_gmt":"2025-11-03T02:11:30","slug":"servicios","status":"publish","type":"page","link":"https:\/\/espaciosuz.com\/index.php\/servicios\/","title":{"rendered":"SERVICIOS"},"content":{"rendered":"\t\t<div data-elementor-type=\"wp-page\" data-elementor-id=\"387\" class=\"elementor elementor-387\" data-elementor-post-type=\"page\">\n\t\t\t\t<div class=\"elementor-element elementor-element-0d91c09 e-flex e-con-boxed e-con e-parent\" data-id=\"0d91c09\" data-element_type=\"container\" data-settings=\"{&quot;background_background&quot;:&quot;classic&quot;}\">\n\t\t\t\t\t<div class=\"e-con-inner\">\n\t\t<div class=\"elementor-element elementor-element-068d51d e-con-full e-flex e-con e-child\" data-id=\"068d51d\" data-element_type=\"container\">\n\t\t\t\t<div class=\"elementor-element elementor-element-3771b1a elementor-widget elementor-widget-heading\" data-id=\"3771b1a\" data-element_type=\"widget\" data-widget_type=\"heading.default\">\n\t\t\t\t<div class=\"elementor-widget-container\">\n\t\t\t\t\t<h1 class=\"elementor-heading-title elementor-size-default\">Nuestros Servicios<\/h1>\t\t\t\t<\/div>\n\t\t\t\t<\/div>\n\t\t\t\t<\/div>\n\t\t\t\t\t<\/div>\n\t\t\t\t<\/div>\n\t\t<div class=\"elementor-element elementor-element-0f6ed92 e-flex e-con-boxed e-con e-parent\" data-id=\"0f6ed92\" data-element_type=\"container\">\n\t\t\t\t\t<div class=\"e-con-inner\">\n\t\t\t\t<div class=\"elementor-element elementor-element-6abe2da elementor-widget elementor-widget-text-editor\" data-id=\"6abe2da\" data-element_type=\"widget\" data-widget_type=\"text-editor.default\">\n\t\t\t\t<div class=\"elementor-widget-container\">\n\t\t\t\t\t\t\t\t\t<p data-start=\"353\" data-end=\"481\">\u00a0<\/p><p>En <strong>EspacioSuz<\/strong> impulsamos el crecimiento y la eficiencia de nuestros clientes e inversores a trav\u00e9s de tres \u00e1reas estrat\u00e9gicas:<\/p><ul><li data-start=\"417\" data-end=\"652\"><p><strong data-start=\"417\" data-end=\"446\">Inversiones Estrat\u00e9gicas:<\/strong> identificamos, evaluamos y estructuramos oportunidades en sectores como inmobiliario, financiero, tecnol\u00f3gico, transporte y log\u00edstica, priorizando rentabilidad, sostenibilidad y potencial de crecimiento.<\/p><\/li><li data-start=\"654\" data-end=\"811\"><p><strong data-start=\"654\" data-end=\"677\">Gesti\u00f3n de Activos:<\/strong> optimizamos recursos y proyectos, transformando inversiones en activos estrat\u00e9gicos que generan valor s\u00f3lido y resultados medibles.<\/p><\/li><li data-start=\"813\" data-end=\"983\"><p><strong data-start=\"813\" data-end=\"839\">Soluciones Integrales:<\/strong> ofrecemos apoyo profesional y servicios complementarios que aseguran transparencia, eficiencia y respaldo t\u00e9cnico en cada etapa de inversi\u00f3n.<\/p><\/li><\/ul><p>En EspacioSuz combinamos visi\u00f3n estrat\u00e9gica, experiencia y compromiso para generar proyectos rentables y sostenibles, trabajando con profesionalismo y cercan\u00eda para garantizar confianza y resultados excepcionales en cada iniciativa.<\/p>\t\t\t\t\t\t\t\t<\/div>\n\t\t\t\t<\/div>\n\t\t\t\t\t<\/div>\n\t\t\t\t<\/div>\n\t\t<div class=\"elementor-element elementor-element-d9a60a8 e-flex e-con-boxed e-con e-parent\" data-id=\"d9a60a8\" data-element_type=\"container\">\n\t\t\t\t\t<div class=\"e-con-inner\">\n\t\t<div class=\"elementor-element elementor-element-4751d35 e-con-full e-flex e-con e-child\" data-id=\"4751d35\" data-element_type=\"container\">\n\t\t\t\t<div class=\"elementor-element elementor-element-76b441d elementor-widget elementor-widget-heading\" data-id=\"76b441d\" data-element_type=\"widget\" data-widget_type=\"heading.default\">\n\t\t\t\t<div class=\"elementor-widget-container\">\n\t\t\t\t\t<h1 class=\"elementor-heading-title elementor-size-default\">Algunas Fotograf\u00edas<\/h1>\t\t\t\t<\/div>\n\t\t\t\t<\/div>\n\t\t\t\t<\/div>\n\t\t\t\t<div class=\"elementor-element elementor-element-420ddee elementor-widget elementor-widget-gallery\" data-id=\"420ddee\" data-element_type=\"widget\" data-settings=\"{&quot;gallery_layout&quot;:&quot;masonry&quot;,&quot;columns&quot;:3,&quot;gap&quot;:{&quot;unit&quot;:&quot;px&quot;,&quot;size&quot;:20,&quot;sizes&quot;:[]},&quot;lazyload&quot;:&quot;yes&quot;,&quot;columns_tablet&quot;:2,&quot;columns_mobile&quot;:1,&quot;gap_tablet&quot;:{&quot;unit&quot;:&quot;px&quot;,&quot;size&quot;:10,&quot;sizes&quot;:[]},&quot;gap_mobile&quot;:{&quot;unit&quot;:&quot;px&quot;,&quot;size&quot;:10,&quot;sizes&quot;:[]},&quot;link_to&quot;:&quot;file&quot;,&quot;overlay_background&quot;:&quot;yes&quot;,&quot;content_hover_animation&quot;:&quot;fade-in&quot;}\" data-widget_type=\"gallery.default\">\n\t\t\t\t<div class=\"elementor-widget-container\">\n\t\t\t\t\t\t\t<div class=\"elementor-gallery__container\">\n\t\t\t\t\t\t\t<a class=\"e-gallery-item elementor-gallery-item elementor-animated-content\" href=\"https:\/\/espaciosuz.com\/wp-content\/uploads\/2025\/09\/Sin-t-25-004.png\" data-elementor-open-lightbox=\"yes\" data-elementor-lightbox-slideshow=\"420ddee\" data-elementor-lightbox-title=\"Sin-t-25-004\" data-e-action-hash=\"#elementor-action%3Aaction%3Dlightbox%26settings%3DeyJpZCI6MjU3MSwidXJsIjoiaHR0cHM6XC9cL2VzcGFjaW9zdXouY29tXC93cC1jb250ZW50XC91cGxvYWRzXC8yMDI1XC8wOVwvU2luLXQtMjUtMDA0LnBuZyIsInNsaWRlc2hvdyI6IjQyMGRkZWUifQ%3D%3D\">\n\t\t\t\t\t<div class=\"e-gallery-image elementor-gallery-item__image\" data-thumbnail=\"https:\/\/espaciosuz.com\/wp-content\/uploads\/2025\/09\/Sin-t-25-004-300x225.png\" data-width=\"300\" data-height=\"225\" aria-label=\"\" role=\"img\" ><\/div>\n\t\t\t\t\t\t\t\t\t\t\t<div class=\"elementor-gallery-item__overlay\"><\/div>\n\t\t\t\t\t\t\t\t\t\t\t\t\t\t<\/a>\n\t\t\t\t\t\t\t<a class=\"e-gallery-item elementor-gallery-item elementor-animated-content\" href=\"https:\/\/espaciosuz.com\/wp-content\/uploads\/2025\/09\/Sin-t-25-0002.png\" data-elementor-open-lightbox=\"yes\" data-elementor-lightbox-slideshow=\"420ddee\" data-elementor-lightbox-title=\"Sin-t-25-0002\" data-e-action-hash=\"#elementor-action%3Aaction%3Dlightbox%26settings%3DeyJpZCI6MjU3MCwidXJsIjoiaHR0cHM6XC9cL2VzcGFjaW9zdXouY29tXC93cC1jb250ZW50XC91cGxvYWRzXC8yMDI1XC8wOVwvU2luLXQtMjUtMDAwMi5wbmciLCJzbGlkZXNob3ciOiI0MjBkZGVlIn0%3D\">\n\t\t\t\t\t<div class=\"e-gallery-image elementor-gallery-item__image\" data-thumbnail=\"https:\/\/espaciosuz.com\/wp-content\/uploads\/2025\/09\/Sin-t-25-0002-300x225.png\" data-width=\"300\" data-height=\"225\" aria-label=\"\" role=\"img\" ><\/div>\n\t\t\t\t\t\t\t\t\t\t\t<div class=\"elementor-gallery-item__overlay\"><\/div>\n\t\t\t\t\t\t\t\t\t\t\t\t\t\t<\/a>\n\t\t\t\t\t\t\t<a class=\"e-gallery-item elementor-gallery-item elementor-animated-content\" href=\"https:\/\/espaciosuz.com\/wp-content\/uploads\/2023\/11\/Sin-titulo-2-028.png\" data-elementor-open-lightbox=\"yes\" data-elementor-lightbox-slideshow=\"420ddee\" data-elementor-lightbox-title=\"Sin-t\u00edtulo-2-028\" data-e-action-hash=\"#elementor-action%3Aaction%3Dlightbox%26settings%3DeyJpZCI6MjM1NCwidXJsIjoiaHR0cHM6XC9cL2VzcGFjaW9zdXouY29tXC93cC1jb250ZW50XC91cGxvYWRzXC8yMDIzXC8xMVwvU2luLXRpdHVsby0yLTAyOC5wbmciLCJzbGlkZXNob3ciOiI0MjBkZGVlIn0%3D\">\n\t\t\t\t\t<div class=\"e-gallery-image elementor-gallery-item__image\" data-thumbnail=\"https:\/\/espaciosuz.com\/wp-content\/uploads\/2023\/11\/Sin-titulo-2-028-300x225.png\" data-width=\"300\" data-height=\"225\" aria-label=\"\" role=\"img\" ><\/div>\n\t\t\t\t\t\t\t\t\t\t\t<div class=\"elementor-gallery-item__overlay\"><\/div>\n\t\t\t\t\t\t\t\t\t\t\t\t\t\t<\/a>\n\t\t\t\t\t\t\t<a class=\"e-gallery-item elementor-gallery-item elementor-animated-content\" href=\"https:\/\/espaciosuz.com\/wp-content\/uploads\/2023\/11\/Sin-titulo-2-024.png\" data-elementor-open-lightbox=\"yes\" data-elementor-lightbox-slideshow=\"420ddee\" data-elementor-lightbox-title=\"Sin-t\u00edtulo-2-024\" data-e-action-hash=\"#elementor-action%3Aaction%3Dlightbox%26settings%3DeyJpZCI6MjM1MCwidXJsIjoiaHR0cHM6XC9cL2VzcGFjaW9zdXouY29tXC93cC1jb250ZW50XC91cGxvYWRzXC8yMDIzXC8xMVwvU2luLXRpdHVsby0yLTAyNC5wbmciLCJzbGlkZXNob3ciOiI0MjBkZGVlIn0%3D\">\n\t\t\t\t\t<div class=\"e-gallery-image elementor-gallery-item__image\" data-thumbnail=\"https:\/\/espaciosuz.com\/wp-content\/uploads\/2023\/11\/Sin-titulo-2-024-300x225.png\" data-width=\"300\" data-height=\"225\" aria-label=\"\" role=\"img\" ><\/div>\n\t\t\t\t\t\t\t\t\t\t\t<div class=\"elementor-gallery-item__overlay\"><\/div>\n\t\t\t\t\t\t\t\t\t\t\t\t\t\t<\/a>\n\t\t\t\t\t\t\t<a class=\"e-gallery-item elementor-gallery-item elementor-animated-content\" href=\"https:\/\/espaciosuz.com\/wp-content\/uploads\/2025\/09\/Sin-t-25-00004.png\" data-elementor-open-lightbox=\"yes\" data-elementor-lightbox-slideshow=\"420ddee\" data-elementor-lightbox-title=\"Sin-t-25-00004\" data-e-action-hash=\"#elementor-action%3Aaction%3Dlightbox%26settings%3DeyJpZCI6MjU2OSwidXJsIjoiaHR0cHM6XC9cL2VzcGFjaW9zdXouY29tXC93cC1jb250ZW50XC91cGxvYWRzXC8yMDI1XC8wOVwvU2luLXQtMjUtMDAwMDQucG5nIiwic2xpZGVzaG93IjoiNDIwZGRlZSJ9\">\n\t\t\t\t\t<div class=\"e-gallery-image elementor-gallery-item__image\" data-thumbnail=\"https:\/\/espaciosuz.com\/wp-content\/uploads\/2025\/09\/Sin-t-25-00004-300x225.png\" data-width=\"300\" data-height=\"225\" aria-label=\"\" role=\"img\" ><\/div>\n\t\t\t\t\t\t\t\t\t\t\t<div class=\"elementor-gallery-item__overlay\"><\/div>\n\t\t\t\t\t\t\t\t\t\t\t\t\t\t<\/a>\n\t\t\t\t\t\t\t<a class=\"e-gallery-item elementor-gallery-item elementor-animated-content\" href=\"https:\/\/espaciosuz.com\/wp-content\/uploads\/2025\/09\/Sin-titulo-2-005.png\" data-elementor-open-lightbox=\"yes\" data-elementor-lightbox-slideshow=\"420ddee\" data-elementor-lightbox-title=\"Sin-t\u00edtulo-2-005\" data-e-action-hash=\"#elementor-action%3Aaction%3Dlightbox%26settings%3DeyJpZCI6MjY0OCwidXJsIjoiaHR0cHM6XC9cL2VzcGFjaW9zdXouY29tXC93cC1jb250ZW50XC91cGxvYWRzXC8yMDI1XC8wOVwvU2luLXRpdHVsby0yLTAwNS5wbmciLCJzbGlkZXNob3ciOiI0MjBkZGVlIn0%3D\">\n\t\t\t\t\t<div class=\"e-gallery-image elementor-gallery-item__image\" data-thumbnail=\"https:\/\/espaciosuz.com\/wp-content\/uploads\/2025\/09\/Sin-titulo-2-005-300x225.png\" data-width=\"300\" data-height=\"225\" aria-label=\"\" role=\"img\" ><\/div>\n\t\t\t\t\t\t\t\t\t\t\t<div class=\"elementor-gallery-item__overlay\"><\/div>\n\t\t\t\t\t\t\t\t\t\t\t\t\t\t<\/a>\n\t\t\t\t\t<\/div>\n\t\t\t\t\t<\/div>\n\t\t\t\t<\/div>\n\t\t\t\t<div class=\"elementor-element elementor-element-f0abe38 elementor-widget elementor-widget-gallery\" data-id=\"f0abe38\" data-element_type=\"widget\" data-settings=\"{&quot;gallery_layout&quot;:&quot;masonry&quot;,&quot;gap&quot;:{&quot;unit&quot;:&quot;px&quot;,&quot;size&quot;:20,&quot;sizes&quot;:[]},&quot;columns&quot;:3,&quot;columns_tablet&quot;:2,&quot;columns_mobile&quot;:1,&quot;gap_tablet&quot;:{&quot;unit&quot;:&quot;px&quot;,&quot;size&quot;:10,&quot;sizes&quot;:[]},&quot;gap_mobile&quot;:{&quot;unit&quot;:&quot;px&quot;,&quot;size&quot;:10,&quot;sizes&quot;:[]},&quot;link_to&quot;:&quot;file&quot;,&quot;overlay_background&quot;:&quot;yes&quot;,&quot;content_hover_animation&quot;:&quot;fade-in&quot;}\" data-widget_type=\"gallery.default\">\n\t\t\t\t<div class=\"elementor-widget-container\">\n\t\t\t\t\t\t\t<div class=\"elementor-gallery__container\">\n\t\t\t\t\t<\/div>\n\t\t\t\t\t<\/div>\n\t\t\t\t<\/div>\n\t\t\t\t\t<\/div>\n\t\t\t\t<\/div>\n\t\t<div class=\"elementor-element elementor-element-8ec9508 e-flex e-con-boxed e-con e-parent\" data-id=\"8ec9508\" data-element_type=\"container\">\n\t\t\t\t\t<div class=\"e-con-inner\">\n\t\t\t\t<div class=\"elementor-element elementor-element-b0f9d66 elementor-widget elementor-widget-text-editor\" data-id=\"b0f9d66\" data-element_type=\"widget\" data-widget_type=\"text-editor.default\">\n\t\t\t\t<div class=\"elementor-widget-container\">\n\t\t\t\t\t\t\t\t\t<p style=\"text-align: center;\"><strong>Market Insights \u2013 Espa\u00f1a<\/strong><\/p><p style=\"text-align: center;\">Monitoreamos los principales indicadores econ\u00f3micos y financieros de Espa\u00f1a para apoyar decisiones estrat\u00e9gicas y el crecimiento sostenible en el mercado local.<\/p>\t\t\t\t\t\t\t\t<\/div>\n\t\t\t\t<\/div>\n\t\t\t\t<div class=\"elementor-element elementor-element-4b75b8e elementor-widget elementor-widget-html\" data-id=\"4b75b8e\" data-element_type=\"widget\" data-widget_type=\"html.default\">\n\t\t\t\t<div class=\"elementor-widget-container\">\n\t\t\t\t\t<!-- Cinta de indicadores Espa\u00f1a -->\r\n<script src=\"https:\/\/s3.tradingview.com\/external-embedding\/embed-widget-ticker-tape.js\">{\r\n  \"symbols\": [\r\n    {\"proName\":\"FOREXCOM:EURUSD\",\"title\":\"EUR\/USD\"},\r\n    {\"proName\":\"INDEX:STOXX50E\",\"title\":\"Euro Stoxx 50\"},\r\n    {\"proName\":\"INDEX:IBEX\",\"title\":\"IBEX 35\"},\r\n    {\"proName\":\"TVC:EU10Y\",\"title\":\"Bono UE 10Y\"}\r\n  ],\r\n  \"colorTheme\":\"dark\",\r\n  \"isTransparent\":false,\r\n  \"displayMode\":\"adaptive\",\r\n  \"locale\":\"es\"\r\n}<\/script>\r\n\r\n<!-- Gr\u00e1fico EUR\/USD -->\r\n<div class=\"tradingview-widget-container\">\r\n  <div id=\"tradingview_eurusd\"><\/div>\r\n  <script src=\"https:\/\/s3.tradingview.com\/tv.js\"><\/script>\r\n  <script>\r\n    new TradingView.widget({\r\n      \"container_id\": \"tradingview_eurusd\",\r\n      \"width\": \"100%\",\r\n      \"height\": 480,\r\n      \"symbol\": \"FOREXCOM:EURUSD\",   \/\/ Euro \/ D\u00f3lar\r\n      \"interval\": \"D\",\r\n      \"timezone\": \"Europe\/Madrid\",\r\n      \"theme\": \"dark\",\r\n      \"style\": \"1\",\r\n      \"locale\": \"es\",\r\n      \"withdateranges\": true\r\n    });\r\n  <\/script>\r\n<\/div>\r\n\t\t\t\t<\/div>\n\t\t\t\t<\/div>\n\t\t\t\t<div class=\"elementor-element elementor-element-a8310ca elementor-widget elementor-widget-text-editor\" data-id=\"a8310ca\" data-element_type=\"widget\" data-widget_type=\"text-editor.default\">\n\t\t\t\t<div class=\"elementor-widget-container\">\n\t\t\t\t\t\t\t\t\t<p style=\"text-align: center;\">Datos provistos por TradingView. Los gr\u00e1ficos reflejan en tiempo real la evoluci\u00f3n de los mercados espa\u00f1oles y de la econom\u00eda nacional.<\/p>\t\t\t\t\t\t\t\t<\/div>\n\t\t\t\t<\/div>\n\t\t\t\t\t<\/div>\n\t\t\t\t<\/div>\n\t\t<div class=\"elementor-element elementor-element-c64a1e6 e-flex e-con-boxed e-con e-parent\" data-id=\"c64a1e6\" data-element_type=\"container\">\n\t\t\t\t\t<div class=\"e-con-inner\">\n\t\t\t\t<div class=\"elementor-element elementor-element-d91d05e elementor-widget elementor-widget-html\" data-id=\"d91d05e\" data-element_type=\"widget\" data-widget_type=\"html.default\">\n\t\t\t\t<div class=\"elementor-widget-container\">\n\t\t\t\t\t<iframe src=\"https:\/\/www.google.com\/maps\/embed?pb=!1m18!1m12!1m3!1d2917.0353968401078!2d-3.688916899999999!3d40.461678!2m3!1f0!2f0!3f0!3m2!1i1024!2i768!4f13.1!3m3!1m2!1s0xd4229cd8b63d333%3A0x7abee1f9ba45589a!2sEspacioSuz!5e1!3m2!1ses-419!2ses!4v1762135854278!5m2!1ses-419!2ses\" width=\"600\" height=\"450\" style=\"border:0;\" allowfullscreen=\"\" loading=\"lazy\" referrerpolicy=\"no-referrer-when-downgrade\"><\/iframe>\t\t\t\t<\/div>\n\t\t\t\t<\/div>\n\t\t\t\t\t<\/div>\n\t\t\t\t<\/div>\n\t\t<div class=\"elementor-element elementor-element-546feaf e-grid e-con-full elementor-hidden-mobile e-con e-parent\" data-id=\"546feaf\" data-element_type=\"container\">\n\t\t\t\t<div class=\"elementor-element elementor-element-00c357c elementor-widget elementor-widget-image\" data-id=\"00c357c\" data-element_type=\"widget\" data-widget_type=\"image.default\">\n\t\t\t\t<div class=\"elementor-widget-container\">\n\t\t\t\t\t\t\t\t\t\t\t\t\t\t\t<img fetchpriority=\"high\" decoding=\"async\" width=\"360\" height=\"603\" src=\"https:\/\/espaciosuz.com\/wp-content\/uploads\/2025\/09\/cut_1.png\" class=\"attachment-large size-large wp-image-2671\" alt=\"\" srcset=\"https:\/\/espaciosuz.com\/wp-content\/uploads\/2025\/09\/cut_1.png 360w, https:\/\/espaciosuz.com\/wp-content\/uploads\/2025\/09\/cut_1-179x300.png 179w\" sizes=\"(max-width: 360px) 100vw, 360px\" \/>\t\t\t\t\t\t\t\t\t\t\t\t\t\t\t<\/div>\n\t\t\t\t<\/div>\n\t\t\t\t<div class=\"elementor-element elementor-element-42bdbc2 elementor-widget elementor-widget-image\" data-id=\"42bdbc2\" data-element_type=\"widget\" data-widget_type=\"image.default\">\n\t\t\t\t<div class=\"elementor-widget-container\">\n\t\t\t\t\t\t\t\t\t\t\t\t\t\t\t<img decoding=\"async\" width=\"360\" height=\"603\" src=\"https:\/\/espaciosuz.com\/wp-content\/uploads\/2025\/09\/cut_2.png\" class=\"attachment-large size-large wp-image-2672\" alt=\"\" srcset=\"https:\/\/espaciosuz.com\/wp-content\/uploads\/2025\/09\/cut_2.png 360w, https:\/\/espaciosuz.com\/wp-content\/uploads\/2025\/09\/cut_2-179x300.png 179w\" sizes=\"(max-width: 360px) 100vw, 360px\" \/>\t\t\t\t\t\t\t\t\t\t\t\t\t\t\t<\/div>\n\t\t\t\t<\/div>\n\t\t\t\t<div class=\"elementor-element elementor-element-1b63fcb elementor-widget elementor-widget-image\" data-id=\"1b63fcb\" data-element_type=\"widget\" data-widget_type=\"image.default\">\n\t\t\t\t<div class=\"elementor-widget-container\">\n\t\t\t\t\t\t\t\t\t\t\t\t\t\t\t<img decoding=\"async\" width=\"360\" height=\"603\" src=\"https:\/\/espaciosuz.com\/wp-content\/uploads\/2025\/09\/cut_3.png\" class=\"attachment-large size-large wp-image-2673\" alt=\"\" srcset=\"https:\/\/espaciosuz.com\/wp-content\/uploads\/2025\/09\/cut_3.png 360w, https:\/\/espaciosuz.com\/wp-content\/uploads\/2025\/09\/cut_3-179x300.png 179w\" sizes=\"(max-width: 360px) 100vw, 360px\" \/>\t\t\t\t\t\t\t\t\t\t\t\t\t\t\t<\/div>\n\t\t\t\t<\/div>\n\t\t\t\t<div class=\"elementor-element elementor-element-cf38932 elementor-widget elementor-widget-image\" data-id=\"cf38932\" data-element_type=\"widget\" data-widget_type=\"image.default\">\n\t\t\t\t<div class=\"elementor-widget-container\">\n\t\t\t\t\t\t\t\t\t\t\t\t\t\t\t<img loading=\"lazy\" decoding=\"async\" width=\"360\" height=\"603\" src=\"https:\/\/espaciosuz.com\/wp-content\/uploads\/2025\/09\/cut_4.png\" class=\"attachment-large size-large wp-image-2674\" alt=\"\" srcset=\"https:\/\/espaciosuz.com\/wp-content\/uploads\/2025\/09\/cut_4.png 360w, https:\/\/espaciosuz.com\/wp-content\/uploads\/2025\/09\/cut_4-179x300.png 179w\" sizes=\"(max-width: 360px) 100vw, 360px\" \/>\t\t\t\t\t\t\t\t\t\t\t\t\t\t\t<\/div>\n\t\t\t\t<\/div>\n\t\t\t\t<div class=\"elementor-element elementor-element-8494fea elementor-widget elementor-widget-image\" data-id=\"8494fea\" data-element_type=\"widget\" data-widget_type=\"image.default\">\n\t\t\t\t<div class=\"elementor-widget-container\">\n\t\t\t\t\t\t\t\t\t\t\t\t\t\t\t<img loading=\"lazy\" decoding=\"async\" width=\"360\" height=\"603\" src=\"https:\/\/espaciosuz.com\/wp-content\/uploads\/2025\/09\/cut_5.png\" class=\"attachment-large size-large wp-image-2675\" alt=\"\" srcset=\"https:\/\/espaciosuz.com\/wp-content\/uploads\/2025\/09\/cut_5.png 360w, https:\/\/espaciosuz.com\/wp-content\/uploads\/2025\/09\/cut_5-179x300.png 179w\" sizes=\"(max-width: 360px) 100vw, 360px\" \/>\t\t\t\t\t\t\t\t\t\t\t\t\t\t\t<\/div>\n\t\t\t\t<\/div>\n\t\t\t\t<\/div>\n\t\t\t\t<\/div>\n\t\t","protected":false},"excerpt":{"rendered":"<p>Nuestros Servicios \u00a0 En EspacioSuz impulsamos el crecimiento y la eficiencia de nuestros clientes e inversores a trav\u00e9s de tres \u00e1reas estrat\u00e9gicas: Inversiones Estrat\u00e9gicas: identificamos, evaluamos y estructuramos oportunidades en sectores como inmobiliario, financiero, tecnol\u00f3gico, transporte y log\u00edstica, priorizando rentabilidad, sostenibilidad y potencial de crecimiento. Gesti\u00f3n de Activos: optimizamos recursos y proyectos, transformando inversiones en [&hellip;]<\/p>\n","protected":false},"author":2,"featured_media":0,"parent":0,"menu_order":0,"comment_status":"closed","ping_status":"closed","template":"","meta":{"footnotes":""},"class_list":["post-387","page","type-page","status-publish","hentry"],"_links":{"self":[{"href":"https:\/\/espaciosuz.com\/index.php\/wp-json\/wp\/v2\/pages\/387","targetHints":{"allow":["GET"]}}],"collection":[{"href":"https:\/\/espaciosuz.com\/index.php\/wp-json\/wp\/v2\/pages"}],"about":[{"href":"https:\/\/espaciosuz.com\/index.php\/wp-json\/wp\/v2\/types\/page"}],"author":[{"embeddable":true,"href":"https:\/\/espaciosuz.com\/index.php\/wp-json\/wp\/v2\/users\/2"}],"replies":[{"embeddable":true,"href":"https:\/\/espaciosuz.com\/index.php\/wp-json\/wp\/v2\/comments?post=387"}],"version-history":[{"count":186,"href":"https:\/\/espaciosuz.com\/index.php\/wp-json\/wp\/v2\/pages\/387\/revisions"}],"predecessor-version":[{"id":2731,"href":"https:\/\/espaciosuz.com\/index.php\/wp-json\/wp\/v2\/pages\/387\/revisions\/2731"}],"wp:attachment":[{"href":"https:\/\/espaciosuz.com\/index.php\/wp-json\/wp\/v2\/media?parent=387"}],"curies":[{"name":"wp","href":"https:\/\/api.w.org\/{rel}","templated":true}]}}